e 8.
-46540
-77a (base 13) to base 16
-504
-26 (base 13) to base 15
-22
What is 1001001010 (base 2) in base 9?
721
Convert 16464 (base 8) to base 4.
1310310
12020 (base 8) to base 10
5136
Convert 564 (base 16) to base 6.
10220
788b (base 15) to base 11
18223
-601 (base 12) to base 7
-2344
-2220020 (base 3) to base 5
-31422
What is 2146 (base 9) in base 2?
11000101101
Convert 3220032 (base 4) to base 10.
14862
Convert -62162 (base 8) to base 5.
-1310324
What is -10a2 (base 11) in base 16?
-5a3
What is -400b (base 14) in base 4?
-2223223
2d94 (base 16) to base 11
8848
1216 (base 10) to base 4
103000
-406 (base 9) to base 14
-198
-12021221 (base 3) to base 5
-110414
-4143 (base 6) to base 13
-564
322 (base 11) to base 5
3022
Convert -4de2 (base 15) to base 7.
-66335
What is -312130 (base 5) in base 12?
-5b56
217 (base 12) to base 7
616
What is -10010 (base 4) in base 3?
-100122
11022 (base 4) to base 10
330
What is -3138 (base 12) in base 3?
-21100222
-231 (base 15) to base 11
-411
What is -100221101 (base 3) in base 5?
-212441
Convert -1640 (base 13) to base 10.
-3263
Convert 162 (base 11) to base 3.
21000
What is 4382 (base 11) in base 14?
2169
Convert a (base 11) to base 16.
a
Convert -111122 (base 3) to base 16.
-170
What is 100220 (base 4) in base 2?
10000101000
1020220 (base 3) to base 14
495
What is -e9c2 (base 15) in base 2?
-1100000100110001
-2555 (base 7) to base 11
-803
What is -457 (base 16) in base 6?
-5051
What is 1001111110001010 (base 2) in base 9?
62020
What is 1301 (base 9) in base 3?
1100001
10002102 (base 3) to base 5
33002
What is -51 (base 13) in base 2?
-1000010
-4524 (base 6) to base 9
-1407
Convert 2195 (base 12) to base 7.
13553
-2d9d (base 15) to base 6
-113251
What is 4992 (base 16) in base 8?
44622
Convert -2476 (base 8) to base 16.
-53e
Convert -20242 (base 6) to base 2.
-101010000010
What is 2154 (base 13) in base 12?
2820
Convert 3444 (base 6) to base 2.
1100110100
Convert 1304204 (base 5) to base 3.
1022001110
Convert -15021 (base 9) to base 5.
-311400
Convert 31020 (base 8) to base 9.
18520
Convert 6b (base 14) to base 10.
95
What is -94 (base 15) in base 13?
-a9
Convert 14411 (base 5) to base 15.
571
What is -2116 (base 9) in base 7?
-4350
What is -8ac2 (base 16) in base 12?
-18682
What is -182 (base 13) in base 16?
-113
12020110 (base 3) to base 10
3819
-2306 (base 8) to base 6
-5354
a62 (base 12) to base 15
6ae
-1011011110111 (base 2) to base 8
-13367
Convert -53c (base 13) to base 7.
-2420
What is d7e (base 15) in base 6?
22032
What is 48261 (base 10) in base 11?
33294
Convert c6c2 (base 13) to base 4.
12232100
41b7 (base 15) to base 14
50c9
Convert -51589 (base 10) to base 9.
-77681
-1a79 (base 12) to base 13
-163b
-30250 (base 7) to base 14
-2960
30742 (base 8) to base 14
4922
238 (base 9) to base 13
122
Convert -233 (base 7) to base 9.
-145
a461 (base 12) to base 16
4609
What is -103 (base 11) in base 5?
-444
What is 857 (base 10) in base 7?
2333
Convert 224432 (base 7) to base 4.
21301013
Convert -1201202220 (base 3) to base 14.
-c5d8
-1006 (base 8) to base 6
-2222
-99aa (base 11) to base 5
-410223
236 (base 13) to base 7
1055
532 (base 7) to base 6
1124
-101010101 (base 2) to base 12
-245
-6a4 (base 11) to base 15
-3b0
Convert 2413 (base 5) to base 14.
1b8
What is 2023 (base 6) in base 3?
121120
163dc (base 15) to base 7
416130
Convert b39 (base 16) to base 2.
101100111001
Convert -11400 (base 5) to base 7.
-2323
Convert 64434 (base 8) to base 11.
19242
-7142 (base 12) to base 5
-343130
Convert -2011212 (base 3) to base 16.
-635
Convert 1224341 (base 5) to base 11.
16905
What is -16d9 (base 16) in base 6?
-43025
Convert -11b6 (base 14) to base 13.
-1546
-231140 (base 6) to base 12
-b4b0
What is 9e6 (base 15) in base 5?
32431
Convert -143141 (base 6) to base 8.
-32545
1232202 (base 4) to base 2
1101110100010
What is 11101 (base 3) in base 10?
118
What is -2005 (base 6) in base 4?
-12311
Convert -52131 (base 7) to base 11.
-9652
What is 1104430 (base 5) in base 15?
5b10
What is 202022112 (base 3) in base 8?
34732
-5589 (base 10) to base 7
-22203
What is -20231 (base 9) in base 14?
-4bcc
Convert -10843 (base 9) to base 13.
-33b7
Convert 1289 (base 15) to base 10.
3954
Convert 1f7 (base 16) to base 5.
4003
Convert -eb (base 15) to base 9.
-265
What is 666 (base 11) in base 9?
1076
936 (base 15) to base 14
a84
-12411 (base 5) to base 11
-812
-2d42 (base 16) to base 8
-26502
Convert 2073 (base 9) to base 10.
1524
147a (base 16) to base 2
1010001111010
What is -34b7 (base 15) in base 3?
-120100201
Convert 125c (base 14) to base 4.
302102
What is -1321310 (base 4) in base 12?
-4618
Convert 22212 (base 7) to base 10.
5595
31201020 (base 4) to base 9
83850
What is -275 (base 10) in base 7?
-542
-1055 (base 14) to base 6
-21015
-768 (base 12) to base 8
-2100
-340 (base 11) to base 5
-3112
Convert 141415 (base 6) to base 15.
3e3b
Convert -1013 (base 6) to base 4.
-3201
What is -c896 (base 15) in base 5?
-2324231
Convert -331245 (base 6) to base 11.
-19760
1a358 (base 13) to base 16
c7a7
What is 100001 (base 2) in base 6?
53
What is 1212122 (base 3) in base 9?
1778
What is 25652 (base 10) in base 16?
6434
What is -32545 (base 8) in base 14?
-4da5
-3252 (base 7) to base 6
-5220
Convert 5c5 (base 16) to base 6.
10501
Convert -104 (base 12) to base 6.
-404
b67 (base 15) to base 8
5014
-260 (base 14) to base 15
-21b
216 (base 14) to base 4
12130
113213 (base 4) to base 12
a5b
What is -78 (base 13) in base 5?
-344
-1421 (base 15) to base 13
-1c63
Convert -2259 (base 13) to base 15.
-1656
Convert 5206 (base 9) to base 12.
2259
-29a (base 13) to base 15
-210
Convert -242 (base 9) to base 4.
-3020
568b (base 12) to base 3
111011222
What is 2241 (base 5) in base 6?
1253
1001110011 (base 2) to base 7
1554
Convert -90b (base 16) to base 8.
-4413
What is 141 (base 7) in base 4?
1032
What is -10011000010 (base 2) in base 11?
-a08
What is -20331 (base 4) in base 15?
-283
-69b (base 13) to base 11
-949
1424 (base 16) to base 4
1100210
Convert -1c6 (base 15) to base 11.
-344
465a (base 11) to base 12
3657
-2450 (base 12) to base 7
-14634
What is -202 (base 8) in base 10?
-130
Convert -1000000010 (base 2) to base 6.
-2214
What is -925 (base 12) in base 11?
-aa5
Convert -3 (base 7) to base 3.
-10
Convert -280 (base 9) to base 2.
-11101010
What is 20211012 (base 3) in base 2?
1001101101101
What is -12031 (base 4) in base 7?
-1105
Convert 11210203 (base 4) to base 11.
16165
What is -88351 (base 9) in base 16?
-e4f1
-30000 (base 4) to base 16
-300
-39239 (base 11) to base 12
-28622
Convert 23d5 (base 14) to base 4.
1201313
-22412 (base 5) to base 4
-121013
Convert -134b (base 14) to base 3.
-11122220
-5360 (base 13) to base 16
-2d32
Convert -10332310 (base 4) to base 3.
-1000222201
Convert 1a15 (base 12) to base 4.
301301
-35a (base 15) to base 8
-1370
2011 (base 7) to base 11
581
-1110 (base 7) to base 10
-399
What is a2 (base 16) in base 14?
b8
251241 (base 6) to base 16
5749
What is -80233 (base 9) in base 5?
-3141210
What is 6571 (base 9) in base 3?
20122101
What is -10000111111110 (base 2) in base 5?
-234302
-1100001 (base 2) to base 5
-342
What is 5050 (base 8) in base 16?
a28
What is -bb8 (base 12) in base 8?
-3274
-40125 (base 6) to base 13
-24cb
Convert -1443 (base 9) to base 6.
-5020
-101243 (base 8) to base 2
-1000001010100011
-3087 (base 11) to base 13
-1b26
-1530 (base 9) to base 5
-14121
-11220020 (base 3) to base 14
-1430
Convert -5615 (base 11) to base 15.
-22d2
What is -111100001 (base 2) in base 11?
-3a8
113211 (base 4) to base 13
8c1
What is 6bd (base 16) in base 12?
bb9
Convert 8133 (base 9) to base 3.
22011010
-5626 (base 9) to base 2
-1000000111011
117d (base 14) to base 6
22043
Convert -7a6 (base 12) to base 13.
-693
-d356 (base 14) to base 6
-440120
Convert 369 (base 11) to base 5.
3223
-1017 (base 8) to base 6
-2235
What is 11100100 (base 2) in base 13?
147
2500 (base 8) to base 7
3630
-371 (base 8) to base 14
-13b
Convert 57018 (base 9) to base 11.
26548
What is -9cad (base 16) in base 5?
-2240414
Convert 54234 (base 6) to base 10.
7438
2a9d (base 16) to base 10
10909
Convert 7899 (base 10) to base 9.
11746
-2377 (base 12) to base 11
-2a98
What is 10015 (base 7) in base 14?
c45
What is 222011 (base 3) in ba